{"id":253,"date":"2019-12-15T07:56:27","date_gmt":"2019-12-15T10:56:27","guid":{"rendered":"https:\/\/sk.com.br\/en\/?page_id=253"},"modified":"2020-04-10T04:39:13","modified_gmt":"2020-04-10T07:39:13","slug":"locacao-do-patrimonio-historico-para-eventos-fotos-e-filmagens","status":"publish","type":"page","link":"https:\/\/sk.com.br\/en\/services\/locacao-do-patrimonio-historico-para-eventos-fotos-e-filmagens\/","title":{"rendered":"Loca\u00e7\u00e3o do Patrim\u00f4nio Hist\u00f3rico para Eventos, Fotos e Filmagens"},"content":{"rendered":"<p>[vc_row][vc_column width=&#8221;1\/2&#8243;]<div class=\"single_image wpb_content_element align-left   \" data-animation=\"none\" data-delay=\"0\"><img width=\"1724\" height=\"1216\" src=\"https:\/\/sk.com.br\/en\/wp-content\/uploads\/2020\/01\/House-from-West9b.jpg\" class=\"attachment-full\" alt=\"\" loading=\"lazy\" srcset=\"https:\/\/sk.com.br\/en\/wp-content\/uploads\/2020\/01\/House-from-West9b.jpg 1724w, https:\/\/sk.com.br\/en\/wp-content\/uploads\/2020\/01\/House-from-West9b-300x212.jpg 300w, https:\/\/sk.com.br\/en\/wp-content\/uploads\/2020\/01\/House-from-West9b-1024x722.jpg 1024w, https:\/\/sk.com.br\/en\/wp-content\/uploads\/2020\/01\/House-from-West9b-768x542.jpg 768w, https:\/\/sk.com.br\/en\/wp-content\/uploads\/2020\/01\/House-from-West9b-1536x1083.jpg 1536w\" sizes=\"(max-width: 1724px) 100vw, 1724px\" \/><span class=\"single_image_caption\">Pr\u00e9dio integrante do patrim\u00f4nio hist\u00f3rico de Santa Cruz do Sul.<\/span><\/div>[\/vc_column][vc_column width=&#8221;1\/2&#8243;][vc_column_text]O pr\u00e9dio onde funciona o Instituto de Idiomas Sch\u00fctz &amp; Kanomata \u00e9 uma mans\u00e3o em estilo rom\u00e2ntico constru\u00edda por volta de 1924\/25. A obra foi assinada pelo arquiteto <strong>Heinrich Sch\u00fctz<\/strong>, irm\u00e3o por parte de pai do propriet\u00e1rio da obra, Helmuth Sch\u00fctz.<\/p>\n<p>A \u00e1rea em que os pr\u00e9dios se encontram \u00e9 atualmente de 7.459 m<sup>2<\/sup>, inclui um estacionamento para 20 ve\u00edculos pavimentado com paralelep\u00edpedos de pedras gr\u00eas e basalto e \u00e9 totalmente ajardinada e cuidadosamente mantida, de modo a formar um conjunto de rara beleza arquitet\u00f4nica e paisag\u00edstica.<\/p>\n<p>Tanto os espa\u00e7os externos como os ambientes internos podem ser alugados para sess\u00f5es de fotos e filmagens. Favor entrar em contato com anteced\u00eancia para reservas.[\/vc_column_text][\/vc_column][\/vc_row][vc_row class=&#8221;container idiomas &#8220;][vc_column width=&#8221;1\/1&#8221;][vc_raw_html]JTNDZGl2JTIwY2xhc3MlM0QlMjJ0b3BiYXItY29sMyUyMiUzRSUwQSUyMCUyMCUyMCUzQ2RpdiUyMGNsYXNzJTNEJTIyaWRsYSUyMiUzRSUwQSUyMCUyMCUyMCUyMCUyMCUzQ2ElMjBocmVmJTNEJTIyJTIzJTIyJTNFJTBBJTIwJTIwJTIwJTIwJTIwJTIwJTIwJTNDaW1nJTIwY2xhc3MlM0QlMjJhbGlnbm5vbmUlMjBzaXplLWZ1bGwlMjIlMjBzcmMlM0QlMjJodHRwcyUzQSUyRiUyRnNrLmNvbS5iciUyRmVuJTJGd3AtY29udGVudCUyRnVwbG9hZHMlMkYyMDE5JTJGMTIlMkZ1cy5qcGclMjIlMjBhbHQlM0QlMjIlMjIlMjB3aWR0aCUzRCUyMjI2JTIyJTIwaGVpZ2h0JTNEJTIyMjYlMjIlM0UlMEElMjAlMjAlMjAlMjAlMjAlM0MlMkZhJTNFJTBBJTIwJTIwJTIwJTNDJTJGZGl2JTNFJTA5JTBBJTBBJTIwJTIwJTIwJTNDZGl2JTIwY2xhc3MlM0QlMjJpZGxhJTIyJTNFJTBBJTIwJTIwJTIwJTIwJTIwJTNDYSUyMGhyZWYlM0QlMjJodHRwcyUzQSUyRiUyRnNrLmNvbS5iciUyRiUyMiUzRSUwQSUyMCUyMCUyMCUyMCUyMCUyMCUyMCUzQ2ltZyUyMGNsYXNzJTNEJTIyYWxpZ25ub25lJTIwc2l6ZS1mdWxsJTIyJTIwc3JjJTNEJTIyaHR0cHMlM0ElMkYlMkZzay5jb20uYnIlMkZlbiUyRndwLWNvbnRlbnQlMkZ1cGxvYWRzJTJGMjAxOSUyRjEyJTJGYnIuanBnJTIyJTIwYWx0JTNEJTIyJTIyJTIwd2lkdGglM0QlMjIyNiUyMiUyMGhlaWdodCUzRCUyMjI2JTIyJTNFJTBBJTIwJTIwJTIwJTIwJTIwJTNDJTJGYSUzRSUwQSUyMCUyMCUyMCUzQyUyRmRpdiUzRSUwOSUwOSUwOSUwOSUwOSUwOSUwQSUzQyUyRmRpdiUzRQ==[\/vc_raw_html][\/vc_column][\/vc_row]<\/p>\n","protected":false},"excerpt":{"rendered":"<p>[vc_row][vc_column width=&#8221;1\/2&#8243;][\/vc_column][vc_column width=&#8221;1\/2&#8243;][vc_column_text]O pr\u00e9dio onde funciona o Instituto de Idiomas Sch\u00fctz &amp; Kanomata \u00e9 uma mans\u00e3o em estilo rom\u00e2ntico constru\u00edda por volta de 1924\/25. A obra foi assinada pelo arquiteto Heinrich Sch\u00fctz, irm\u00e3o por parte de pai do propriet\u00e1rio da obra, Helmuth Sch\u00fctz. A \u00e1rea em que os pr\u00e9dios se encontram \u00e9 atualmente de 7.459 m2, inclui um estacionamento para 20 ve\u00edculos pavimentado com paralelep\u00edpedos de pedras gr\u00eas e basalto e \u00e9 totalmente ajardinada e cuidadosamente mantida, de modo a formar um conjunto de rara beleza arquitet\u00f4nica e paisag\u00edstica. Tanto os espa\u00e7os externos como os ambientes internos podem ser alugados para sess\u00f5es de fotos e filmagens. Favor entrar em contato com anteced\u00eancia para reservas.[\/vc_column_text][\/vc_column][\/vc_row][vc_row class=&#8221;container idiomas &#8220;][vc_column width=&#8221;1\/1&#8221;][vc_raw_html]JTNDZGl2JTIwY2xhc3MlM0QlMjJ0b3BiYXItY29sMyUyMiUzRSUwQSUyMCUyMCUyMCUzQ2RpdiUyMGNsYXNzJTNEJTIyaWRsYSUyMiUzRSUwQSUyMCUyMCUyMCUyMCUyMCUzQ2ElMjBocmVmJTNEJTIyJTIzJTIyJTNFJTBBJTIwJTIwJTIwJTIwJTIwJTIwJTIwJTNDaW1nJTIwY2xhc3MlM0QlMjJhbGlnbm5vbmUlMjBzaXplLWZ1bGwlMjIlMjBzcmMlM0QlMjJodHRwcyUzQSUyRiUyRnNrLmNvbS5iciUyRmVuJTJGd3AtY29udGVudCUyRnVwbG9hZHMlMkYyMDE5JTJGMTIlMkZ1cy5qcGclMjIlMjBhbHQlM0QlMjIlMjIlMjB3aWR0aCUzRCUyMjI2JTIyJTIwaGVpZ2h0JTNEJTIyMjYlMjIlM0UlMEElMjAlMjAlMjAlMjAlMjAlM0MlMkZhJTNFJTBBJTIwJTIwJTIwJTNDJTJGZGl2JTNFJTA5JTBBJTBBJTIwJTIwJTIwJTNDZGl2JTIwY2xhc3MlM0QlMjJpZGxhJTIyJTNFJTBBJTIwJTIwJTIwJTIwJTIwJTNDYSUyMGhyZWYlM0QlMjJodHRwcyUzQSUyRiUyRnNrLmNvbS5iciUyRiUyMiUzRSUwQSUyMCUyMCUyMCUyMCUyMCUyMCUyMCUzQ2ltZyUyMGNsYXNzJTNEJTIyYWxpZ25ub25lJTIwc2l6ZS1mdWxsJTIyJTIwc3JjJTNEJTIyaHR0cHMlM0ElMkYlMkZzay5jb20uYnIlMkZlbiUyRndwLWNvbnRlbnQlMkZ1cGxvYWRzJTJGMjAxOSUyRjEyJTJGYnIuanBnJTIyJTIwYWx0JTNEJTIyJTIyJTIwd2lkdGglM0QlMjIyNiUyMiUyMGhlaWdodCUzRCUyMjI2JTIyJTNFJTBBJTIwJTIwJTIwJTIwJTIwJTNDJTJGYSUzRSUwQSUyMCUyMCUyMCUzQyUyRmRpdiUzRSUwOSUwOSUwOSUwOSUwOSUwOSUwQSUzQyUyRmRpdiUzRQ==[\/vc_raw_html][\/vc_column][\/vc_row]<\/p>\n","protected":false},"author":1,"featured_media":0,"parent":226,"menu_order":0,"comment_status":"closed","ping_status":"closed","template":"","meta":[],"_links":{"self":[{"href":"https:\/\/sk.com.br\/en\/wp-json\/wp\/v2\/pages\/253"}],"collection":[{"href":"https:\/\/sk.com.br\/en\/wp-json\/wp\/v2\/pages"}],"about":[{"href":"https:\/\/sk.com.br\/en\/wp-json\/wp\/v2\/types\/page"}],"author":[{"embeddable":true,"href":"https:\/\/sk.com.br\/en\/wp-json\/wp\/v2\/users\/1"}],"replies":[{"embeddable":true,"href":"https:\/\/sk.com.br\/en\/wp-json\/wp\/v2\/comments?post=253"}],"version-history":[{"count":9,"href":"https:\/\/sk.com.br\/en\/wp-json\/wp\/v2\/pages\/253\/revisions"}],"predecessor-version":[{"id":906,"href":"https:\/\/sk.com.br\/en\/wp-json\/wp\/v2\/pages\/253\/revisions\/906"}],"up":[{"embeddable":true,"href":"https:\/\/sk.com.br\/en\/wp-json\/wp\/v2\/pages\/226"}],"wp:attachment":[{"href":"https:\/\/sk.com.br\/en\/wp-json\/wp\/v2\/media?parent=253"}],"curies":[{"name":"wp","href":"https:\/\/api.w.org\/{rel}","templated":true}]}}

Locação do Patrimônio Histórico para Eventos, Fotos e Filmagens

<p>[vc_row][vc_column width=&#8221;1/2&#8243;]<div class="single_image wpb_content_element align-left   " data-animation="none" data-delay="0"><img width="1724" height="1216" src="https://sk.com.br/en/wp-content/uploads/2020/01/House-from-West9b.jpg" class="attachment-full" alt="" loading="lazy" srcset="https://sk.com.br/en/wp-content/uploads/2020/01/House-from-West9b.jpg 1724w, https://sk.com.br/en/wp-content/uploads/2020/01/House-from-West9b-300x212.jpg 300w, https://sk.com.br/en/wp-content/uploads/2020/01/House-from-West9b-1024x722.jpg 1024w, https://sk.com.br/en/wp-content/uploads/2020/01/House-from-West9b-768x542.jpg 768w, https://sk.com.br/en/wp-content/uploads/2020/01/House-from-West9b-1536x1083.jpg 1536w" sizes="(max-width: 1724px) 100vw, 1724px" /><span class="single_image_caption">Prédio integrante do patrimônio histórico de Santa Cruz do Sul.</span></div>[/vc_column][vc_column width=&#8221;1/2&#8243;][vc_column_text]O prédio onde funciona o Instituto de Idiomas Schütz &amp; Kanomata é uma mansão em estilo romântico construída por volta de 1924/25. A obra foi assinada pelo arquiteto <strong>Heinrich Schütz</strong>, irmão por parte de pai do proprietário da obra, Helmuth Schütz.</p>
<p>A área em que os prédios se encontram é atualmente de 7.459 m<sup>2</sup>, inclui um estacionamento para 20 veículos pavimentado com paralelepípedos de pedras grês e basalto e é totalmente ajardinada e cuidadosamente mantida, de modo a formar um conjunto de rara beleza arquitetônica e paisagística.</p>
<p>Tanto os espaços externos como os ambientes internos podem ser alugados para sessões de fotos e filmagens. Favor entrar em contato com antecedência para reservas.[/vc_column_text][/vc_column][/vc_row][vc_row class=&#8221;container idiomas &#8220;][vc_column width=&#8221;1/1&#8221;][vc_raw_html]JTNDZGl2JTIwY2xhc3MlM0QlMjJ0b3BiYXItY29sMyUyMiUzRSUwQSUyMCUyMCUyMCUzQ2RpdiUyMGNsYXNzJTNEJTIyaWRsYSUyMiUzRSUwQSUyMCUyMCUyMCUyMCUyMCUzQ2ElMjBocmVmJTNEJTIyJTIzJTIyJTNFJTBBJTIwJTIwJTIwJTIwJTIwJTIwJTIwJTNDaW1nJTIwY2xhc3MlM0QlMjJhbGlnbm5vbmUlMjBzaXplLWZ1bGwlMjIlMjBzcmMlM0QlMjJodHRwcyUzQSUyRiUyRnNrLmNvbS5iciUyRmVuJTJGd3AtY29udGVudCUyRnVwbG9hZHMlMkYyMDE5JTJGMTIlMkZ1cy5qcGclMjIlMjBhbHQlM0QlMjIlMjIlMjB3aWR0aCUzRCUyMjI2JTIyJTIwaGVpZ2h0JTNEJTIyMjYlMjIlM0UlMEElMjAlMjAlMjAlMjAlMjAlM0MlMkZhJTNFJTBBJTIwJTIwJTIwJTNDJTJGZGl2JTNFJTA5JTBBJTBBJTIwJTIwJTIwJTNDZGl2JTIwY2xhc3MlM0QlMjJpZGxhJTIyJTNFJTBBJTIwJTIwJTIwJTIwJTIwJTNDYSUyMGhyZWYlM0QlMjJodHRwcyUzQSUyRiUyRnNrLmNvbS5iciUyRiUyMiUzRSUwQSUyMCUyMCUyMCUyMCUyMCUyMCUyMCUzQ2ltZyUyMGNsYXNzJTNEJTIyYWxpZ25ub25lJTIwc2l6ZS1mdWxsJTIyJTIwc3JjJTNEJTIyaHR0cHMlM0ElMkYlMkZzay5jb20uYnIlMkZlbiUyRndwLWNvbnRlbnQlMkZ1cGxvYWRzJTJGMjAxOSUyRjEyJTJGYnIuanBnJTIyJTIwYWx0JTNEJTIyJTIyJTIwd2lkdGglM0QlMjIyNiUyMiUyMGhlaWdodCUzRCUyMjI2JTIyJTNFJTBBJTIwJTIwJTIwJTIwJTIwJTNDJTJGYSUzRSUwQSUyMCUyMCUyMCUzQyUyRmRpdiUzRSUwOSUwOSUwOSUwOSUwOSUwOSUwQSUzQyUyRmRpdiUzRQ==[/vc_raw_html][/vc_column][/vc_row]</p>

<p>[vc_row][vc_column width=&#8221;1/2&#8243;][/vc_column][vc_column width=&#8221;1/2&#8243;][vc_column_text]O prédio onde funciona o Instituto de Idiomas Schütz &amp; Kanomata é uma mansão em estilo romântico construída por volta de 1924/25. A obra foi assinada pelo arquiteto Heinrich Schütz, irmão por parte de pai do proprietário da obra, Helmuth Schütz. A área em que os prédios se encontram é atualmente de 7.459 m2, inclui um estacionamento para 20 veículos pavimentado com paralelepípedos de pedras grês e basalto e é totalmente ajardinada e cuidadosamente mantida, de modo a formar um conjunto de rara beleza arquitetônica e paisagística. Tanto os espaços externos como os ambientes internos podem ser alugados para sessões de fotos e filmagens. Favor entrar em contato com antecedência para reservas.[/vc_column_text][/vc_column][/vc_row][vc_row class=&#8221;container idiomas &#8220;][vc_column width=&#8221;1/1&#8221;][vc_raw_html]JTNDZGl2JTIwY2xhc3MlM0QlMjJ0b3BiYXItY29sMyUyMiUzRSUwQSUyMCUyMCUyMCUzQ2RpdiUyMGNsYXNzJTNEJTIyaWRsYSUyMiUzRSUwQSUyMCUyMCUyMCUyMCUyMCUzQ2ElMjBocmVmJTNEJTIyJTIzJTIyJTNFJTBBJTIwJTIwJTIwJTIwJTIwJTIwJTIwJTNDaW1nJTIwY2xhc3MlM0QlMjJhbGlnbm5vbmUlMjBzaXplLWZ1bGwlMjIlMjBzcmMlM0QlMjJodHRwcyUzQSUyRiUyRnNrLmNvbS5iciUyRmVuJTJGd3AtY29udGVudCUyRnVwbG9hZHMlMkYyMDE5JTJGMTIlMkZ1cy5qcGclMjIlMjBhbHQlM0QlMjIlMjIlMjB3aWR0aCUzRCUyMjI2JTIyJTIwaGVpZ2h0JTNEJTIyMjYlMjIlM0UlMEElMjAlMjAlMjAlMjAlMjAlM0MlMkZhJTNFJTBBJTIwJTIwJTIwJTNDJTJGZGl2JTNFJTA5JTBBJTBBJTIwJTIwJTIwJTNDZGl2JTIwY2xhc3MlM0QlMjJpZGxhJTIyJTNFJTBBJTIwJTIwJTIwJTIwJTIwJTNDYSUyMGhyZWYlM0QlMjJodHRwcyUzQSUyRiUyRnNrLmNvbS5iciUyRiUyMiUzRSUwQSUyMCUyMCUyMCUyMCUyMCUyMCUyMCUzQ2ltZyUyMGNsYXNzJTNEJTIyYWxpZ25ub25lJTIwc2l6ZS1mdWxsJTIyJTIwc3JjJTNEJTIyaHR0cHMlM0ElMkYlMkZzay5jb20uYnIlMkZlbiUyRndwLWNvbnRlbnQlMkZ1cGxvYWRzJTJGMjAxOSUyRjEyJTJGYnIuanBnJTIyJTIwYWx0JTNEJTIyJTIyJTIwd2lkdGglM0QlMjIyNiUyMiUyMGhlaWdodCUzRCUyMjI2JTIyJTNFJTBBJTIwJTIwJTIwJTIwJTIwJTNDJTJGYSUzRSUwQSUyMCUyMCUyMCUzQyUyRmRpdiUzRSUwOSUwOSUwOSUwOSUwOSUwOSUwQSUzQyUyRmRpdiUzRQ==[/vc_raw_html][/vc_column][/vc_row]</p>
